7937.
327
What is the highest common factor of 70473 and 18668117?
1807
What is the highest common factor of 544152 and 3786104?
2296
Calculate the greatest common factor of 15015 and 52092495.
1365
Calculate the greatest common factor of 91542 and 30003.
219
What is the highest common factor of 380 and 464276590?
190
Calculate the greatest common divisor of 192350 and 66800.
50
What is the highest common factor of 17005 and 44571?
179
Calculate the highest common factor of 301695 and 300.
15
What is the highest common divisor of 796516071 and 117?
39
What is the highest common divisor of 2404646 and 34271?
43
What is the highest common factor of 2704462755 and 34770?
17385
What is the greatest common divisor of 10179 and 45045?
117
What is the highest common factor of 1332 and 4277178?
18
Calculate the greatest common factor of 8900864 and 168.
56
Calculate the highest common divisor of 157872 and 779746.
506
Calculate the highest common divisor of 29 and 263228621.
29
Calculate the greatest common factor of 199351 and 108329.
641
Calculate the highest common divisor of 448608 and 2784.
96
What is the greatest common divisor of 234328996 and 8?
4
What is the greatest common divisor of 500 and 356556700?
100
What is the greatest common factor of 579561462 and 4698?
522
Calculate the highest common divisor of 3522411 and 7794.
9
What is the greatest common factor of 98213898 and 24147?
8049
Calculate the highest common factor of 420 and 1619268.
84
Calculate the greatest common factor of 2124650 and 10.
10
What is the highest common factor of 185128 and 237323?
73
What is the greatest common factor of 47328 and 12093?
87
What is the highest common factor of 589411370 and 406?
58
Calculate the greatest common factor of 6509677 and 1.
1
What is the highest common divisor of 775 and 3305825?
25
What is the greatest common divisor of 254850 and 34300?
50
What is the greatest common divisor of 248922219 and 247163?
14539
Calculate the highest common factor of 64395 and 806925.
795
Calculate the greatest common divisor of 1212995 and 16660.
245
What is the highest common divisor of 230 and 7973040?
10
What is the highest common factor of 594838 and 241542?
142
Calculate the highest common divisor of 1122 and 822392.
34
Calculate the greatest common factor of 2569981 and 717971.
2537
Calculate the greatest common divisor of 16595 and 65075.
5
Calculate the greatest common factor of 78560 and 3933892.
1964
What is the highest common factor of 1492 and 13084?
4
Calculate the highest common factor of 1018021 and 38.
1
Calculate the highest common factor of 52004660 and 2073.
691
Calculate the greatest common divisor of 18632 and 2079763.
17
What is the highest common factor of 218800 and 27500?
100
Calculate the highest common divisor of 2415684 and 1212.
12
What is the highest common divisor of 3190 and 20033838?
638
What is the greatest common divisor of 1102 and 667166?
38
Calculate the greatest common factor of 20404165 and 51.
17
What is the highest common factor of 5668002 and 351?
27
What is the greatest common divisor of 75451 and 193415?
383
Calculate the highest common factor of 1674832 and 48.
16
What is the greatest common factor of 2421789 and 3017?
431
What is the greatest common divisor of 4 and 1929652?
4
Calculate the greatest common factor of 686625 and 2235.
15
What is the highest common factor of 21417290 and 7580?
3790
Calculate the highest common factor of 2237708736 and 608.
608
Calculate the greatest common divisor of 96 and 6508464.
48
Calculate the highest common factor of 3624810720 and 80.
80
What is the greatest common divisor of 10552818 and 4718?
674
Calculate the greatest common divisor of 6895974620 and 4570.
4570
Calculate the greatest common divisor of 195785655 and 105.
15
What is the greatest common factor of 9990 and 23253057?
333
Calculate the greatest common factor of 78116244 and 60.
12
Calculate the highest common factor of 46372854 and 991.
991
What is the greatest common divisor of 272 and 1034048?
16
Calculate the greatest common factor of 659208 and 114312.
264
Calculate the highest common divisor of 74777260 and 30.
10
Calculate the highest common factor of 21032163 and 3.
3
What is the highest common factor of 32879529 and 711?
9
What is the greatest common factor of 26 and 7412197?
13
What is the greatest common factor of 1128 and 9249553?
47
Calculate the greatest common divisor of 575 and 20511285.
115
What is the highest common divisor of 468971891 and 698?
349
What is the greatest common factor of 101305550 and 850?
850
Calculate the highest common factor of 50 and 192218090.
10
Calculate the greatest common factor of 4816 and 435344.
112
Calculate the greatest common divisor of 3257872 and 496.
16
Calculate the highest common factor of 215187 and 49.
7
Calculate the highest common factor of 994 and 3232306098.
994
Calculate the greatest common factor of 40 and 2718568.
8
Calculate the greatest common factor of 11236157 and 2932.
733
Calculate the highest common factor of 7718 and 101014.
34
What is the highest common factor of 300788 and 30479?
29
What is the highest common divisor of 30 and 144858495?
15
Calculate the greatest common factor of 64 and 6621144.
8
What is the highest common factor of 330 and 17646585?
165
Calculate the highest common divisor of 12197560 and 112240.
2440
Calculate the greatest common divisor of 1102 and 14169458.
58
Calculate the greatest common divisor of 1195165 and 48320.
755
What is the greatest common factor of 3060 and 19551195?
45
Calculate the greatest common factor of 2767812737 and 863.
863
What is the greatest common divisor of 1725 and 1841325?
75
Calculate the highest common divisor of 240945250 and 910.
910
What is the highest common divisor of 61342824 and 48?
24
What is the greatest common divisor of 5359610 and 94418?
5554
Calculate the highest common divisor of 1252504 and 7.
1
Calculate the highest common divisor of 299 and 2530567.
13
What is the greatest common divisor of 280 and 4878370?
70
Calculate the greatest common factor of 9927099 and 1054.
527
Calculate the greatest common factor of 1545 and 2401239.
309
Calculate the highest common divisor of 22710042 and 620.
62
Calculate the greatest common factor of 203896 and 95224066.
4634
Calculate the greatest common divisor of 114313780 and 140.
140
Calculate the greatest common factor of 1020 and 50609.
17
What is the greatest common factor of 34901004 and 12?
12
Calculate the highest common divisor of 83889188 and 92.
92
What is the highest common divisor of 850 and 74849300?
850
What is the greatest common factor of 962 and 22848536?
74
What is the greatest common divisor of 751982838 and 6?
6
What is the highest common factor of 1300 and 21574540?
260
Calculate the highest common divisor of 1300683 and 171.
57
Calculate the highest common factor of 1875 and 8353875.
375
What is the greatest common divisor of 2925 and 126064692?
117
Calculate the greatest common factor of 823327 and 423134.
2549
Calculate the highest common divisor of 40500 and 58871475.
675
What is the greatest common divisor of 2467877 and 3904?
61
Calculate the highest common divisor of 940174373 and 178.
89
What is the highest common divisor of 78 and 1960825347?
39
Calculate the highest common factor of 249913244 and 518.
518
Calculate the highest common factor of 18306939 and 7203.
1029
Calculate the highest common divisor of 205 and 126383812.
41
What is the greatest common divisor of 1074 and 431274?
6
Calculate the highest common divisor of 15016127 and 574.
287
Calculate the highest common divisor of 221 and 9867650.
221
What is the highest common factor of 253 and 48673295?
11
What is the highest common factor of 13056 and 258383?
17
What is the greatest common divisor of 10166186 and 2949?
983
Calculate the highest common divisor of 5500995 and 5070.
15
What is the highest common factor of 9000 and 22935?
15
Calculate the greatest common divisor of 3887001585 and 3491.
3491
What is the greatest common divisor of 69174 and 1208452?
14
What is the highest common factor of 5453931 and 627?
57
What is the greatest common divisor of 994680 and 132010?
3070
What is the highest common divisor of 8096 and 39192?
184
Calc